(base 7) in base 2?
-100100111001
29c (base 15) to base 11
4a3
1111000 (base 2) to base 6
320
What is 21020201 (base 3) in base 7?
21256
53025 (base 8) to base 12
10905
What is 1875 (base 14) in base 3?
20001112
What is -154011 (base 7) in base 8?
-72760
1612 (base 7) to base 13
3a9
What is 253 (base 16) in base 12?
417
Convert -20003223 (base 4) to base 6.
-412443
Convert -52 (base 10) to base 14.
-3a
Convert 534 (base 7) to base 11.
226
Convert 1300 (base 9) to base 11.
804
Convert 26470 (base 8) to base 12.
6848
What is -353 (base 12) in base 14?
-275
6204 (base 14) to base 13
789c
-4515 (base 6) to base 11
-87a
-401104 (base 5) to base 3
-122100200
-1233 (base 7) to base 13
-29a
-72 (base 10) to base 16
-48
-111000011000101 (base 2) to base 16
-70c5
21a9 (base 13) to base 3
20110011
Convert 5329 (base 10) to base 11.
4005
662 (base 9) to base 16
21e
Convert 265 (base 12) to base 7.
1031
What is -248 (base 11) in base 9?
-356
Convert -3153 (base 11) to base 6.
-31152
1693 (base 10) to base 6
11501
-20200 (base 5) to base 8
-2424
75 (base 14) to base 11
94
Convert -19aa5 (base 11) to base 6.
-333213
What is -2784 (base 12) in base 8?
-10724
What is -1101320 (base 4) in base 6?
-40132
Convert 21224 (base 6) to base 4.
231100
Convert -10121 (base 8) to base 13.
-1b94
What is 3a55 (base 11) in base 10?
5263
Convert -5522 (base 7) to base 16.
-7b8
Convert -27 (base 16) to base 11.
-36
Convert -1010101001100 (base 2) to base 5.
-133302
What is 1485 (base 9) in base 13?
68c
Convert 4040 (base 5) to base 14.
292
What is -1000023 (base 4) in base 14?
-16d5
Convert 837 (base 12) to base 10.
1195
-222000010 (base 3) to base 15
-593c
Convert 7872 (base 11) to base 10.
10364
Convert -64b4 (base 13) to base 9.
-21181
Convert 1010010100 (base 2) to base 8.
1224
What is 305441 (base 6) in base 15?
7437
Convert 387 (base 9) to base 12.
22a
Convert d87 (base 14) to base 7.
10530
c50 (base 13) to base 7
6050
Convert -434424 (base 6) to base 4.
-20302300
-22333 (base 4) to base 7
-2023
What is -14250 (base 11) in base 4?
-10330212
Convert -2203 (base 4) to base 11.
-139
Convert 1663 (base 12) to base 8.
5153
What is -2ddc (base 14) in base 11?
-6202
5004 (base 8) to base 6
15512
Convert -124 (base 7) to base 13.
-52
102120102 (base 3) to base 8
20363
-62a (base 15) to base 4
-111232
What is 2320 (base 5) in base 13?
1ca
What is -52c4 (base 15) in base 16?
-4465
Convert -111100010 (base 3) to base 4.
-2113323
What is 2056 (base 8) in base 14?
566
What is aa01 (base 14) in base 4?
13023121
Convert -222022201 (base 3) to base 8.
-45365
Convert -1bc (base 15) to base 4.
-12102
Convert -2746 (base 12) to base 2.
-1000110100110
Convert -2dc4 (base 16) to base 2.
-10110111000100
What is 32362 (base 7) in base 15?
25da
What is -279 (base 15) in base 4?
-20310
Convert 547 (base 11) to base 3.
220022
-1b8 (base 14) to base 13
-217
4e1e (base 16) to base 11
14030
What is 10331 (base 4) in base 12?
225
546 (base 8) to base 14
1b8
68 (base 13) to base 15
5b
a7 (base 14) to base 16
93
Convert 1021222200 (base 3) to base 12.
12916
Convert 11887 (base 11) to base 5.
1021120
What is -234a (base 11) in base 9?
-4201
What is -10 (base 14) in base 9?
-15
What is 2738 (base 10) in base 14?
dd8
-1200354 (base 6) to base 2
-1111001110001110
Convert 156b (base 12) to base 13.
11c9
What is 150 (base 14) in base 9?
325
Convert -23667 (base 11) to base 3.
-1201202000
114432 (base 5) to base 4
1010033
22232 (base 4) to base 11
574
Convert -243314 (base 5) to base 3.
-110122002
What is 10000110111 (base 2) in base 15?
4be
-285 (base 11) to base 8
-517
What is 33423 (base 5) in base 11?
1859
10325 (base 7) to base 13
1226
Convert -2332120 (base 4) to base 7.
-50344
What is -27936 (base 10) in base 5?
-1343221
Convert -542 (base 10) to base 8.
-1036
-312231 (base 5) to base 13
-4907
-19613 (base 10) to base 9
-28812
Convert -15bc4 (base 15) to base 10.
-70159
Convert 2137 (base 12) to base 5.
104033
-c109 (base 15) to base 12
-1b6a6
What is 4196 (base 12) in base 14?
2882
1241 (base 7) to base 3
122102
-1608 (base 16) to base 2
-1011000001000
10714 (base 9) to base 8
15745
What is 3104212 (base 5) in base 15?
eea7
Convert 13543 (base 6) to base 5.
32101
What is 203 (base 12) in base 13?
195
What is -4b20 (base 12) in base 3?
-102200120
-24112 (base 13) to base 2
-10000001000101110
-213213 (base 4) to base 6
-15423
-4013 (base 6) to base 3
-1012100
19011 (base 12) to base 15
ab51
-10100000001 (base 2) to base 11
-a65
-6839 (base 13) to base 3
-202000002
Convert -13321211 (base 4) to base 3.
-1122101102
5412 (base 8) to base 3
10212200
What is 313223 (base 4) in base 8?
6753
What is -7be (base 15) in base 4?
-123122
Convert -25157 (base 8) to base 3.
-112220100
101001 (base 2) to base 7
56
Convert -10000 (base 2) to base 12.
-14
17c (base 14) to base 10
306
What is -120014 (base 5) in base 9?
-6011
Convert -851 (base 10) to base 11.
-704
What is 1e2 (base 15) in base 2?
110110101
Convert -4a80 (base 13) to base 6.
-120554
Convert -443 (base 16) to base 11.
-902
What is -16002 (base 9) in base 12?
-63b5
Convert -141 (base 7) to base 6.
-210
-9a61 (base 13) to base 7
-116543
-d4d (base 14) to base 5
-40432
-9b3 (base 12) to base 11
-1091
Convert 23763 (base 12) to base 7.
256116
What is -102 (base 6) in base 9?
-42
What is -417 (base 14) in base 10?
-805
What is -523 (base 10) in base 16?
-20b
Convert -2011021 (base 3) to base 9.
-2137
4142 (base 6) to base 9
1238
What is -634 (base 8) in base 14?
-216
What is 1188 (base 9) in base 12?
622
Convert -355 (base 9) to base 7.
-566
What is -1101112 (base 3) in base 5?
-13023
145 (base 13) to base 5
1401
What is -4357 (base 8) in base 5?
-33122
Convert -34215 (base 8) to base 9.
-21765
-2673 (base 8) to base 11
-1114
-591 (base 13) to base 3
-1022200
What is 30311103 (base 4) in base 10?
52563
What is -12275 (base 10) in base 13?
-5783
422 (base 9) to base 13
206
What is -1283 (base 9) in base 6?
-4250
-247 (base 13) to base 6
-1501
114362 (base 8) to base 3
1222201011
-554 (base 7) to base 10
-284
Convert 2c4 (base 13) to base 2.
111110010
-1101011000 (base 2) to base 6
-3544
Convert -4209 (base 11) to base 8.
-12707
Convert -1106 (base 10) to base 6.
-5042
11322 (base 5) to base 2
1101000101
Convert 12110102 (base 3) to base 13.
1a72
What is -863 (base 10) in base 12?
-5bb
Convert -11423 (base 7) to base 8.
-5615
What is -106d (base 14) in base 8?
-5431
What is 165 (base 12) in base 14?
11b
Convert 1041 (base 13) to base 15.
a00
-128 (base 14) to base 8
-350
Convert 1334 (base 13) to base 4.
222323
10463 (base 11) to base 4
3231122
314320 (base 5) to base 2
10100101011001
Convert -191 (base 12) to base 6.
-1101
22333013 (base 4) to base 8
127707
Convert -4324 (base 5) to base 3.
-210211
1131 (base 11) to base 2
10111001110
What is 444 (base 13) in base 11?
606
Convert -1165 (base 8) to base 5.
-10004
-257 (base 10) to base 16
-101
What is -11ee (base 15) in base 9?
-5218
Convert 27b (base 16) to base 12.
44b
What is 31423 (base 5) in base 13?
c67
Convert -11bd (base 16) to base 12.
-2765
Convert -3034301 (base 5) to base 12.
-24666
Convert -12303 (base 5) to base 4.
-32321
Convert -830 (base 13) to base 2.
-10101101111
Convert -63c5 (base 14) to base 5.
-1022400
Convert -3158 (base 10) to base 8.
-6126
Convert -1229 (base 12) to base 8.
-4001
Convert -2a2 (base 13) to base 4.
-13112
Convert 465 (base 7) to base 11.
201
What is -14540 (base 6) in base 8?
-4474
Convert 32403 (base 5) to base 4.
202310
Convert -1023122 (base 6) to base 15.
-ebeb
Convert 10221 (base 4) to base 13.
19b
Convert -21001 (base 4) to base 10.
-577
511 (base 13) to base 3
1011211
-2650 (base 10) to base 2
-101001011010
-1d50 (base 14) to base 2
-1010011110010
Convert -12110 (base 10) to base 2.
-10111101001110
Convert 110101201 (base 3) to base 6.
105501
897 (base 10) to base 4
32001
What is -1231013 (base 4) in base 6?
-52155
Convert 10503 (base 6) to base 15.
689
1b65 (base 15) to base 13
2924
Convert 211221212 (base 3) to base 9.
24855
Convert 2013201 (base 4) to base 5.
234143
Convert -1614 (base 8) to base 7.
-2435
-1536 (base 12) to base 9
-3366
Convert -41311 (base 6) to base 15.
-197a
Convert 1205 (base 6) to base 7.
566
What is -29da (base 15) in base 7?
-35116
